{"version":"1.0","provider_name":"International Lawyers","provider_url":"https:\/\/www.fabregat-perulles-sales.com\/actualidad","author_name":"Victor","author_url":"https:\/\/www.fabregat-perulles-sales.com\/actualidad\/author\/victor\/","title":"Incompatibilitas amb el benefici d&#039;exempci\u00f3 amb la progresivitat en aplicaci\u00f3 de l&#039;escala general","type":"rich","width":600,"height":338,"html":"<blockquote class=\"wp-embedded-content\" data-secret=\"ciXX359efU\"><a href=\"https:\/\/www.fabregat-perulles-sales.com\/actualidad\/renta-2015-i-custodia-compartida\/\">RENTA 2015 I CUST\u00d2DIA COMPARTIDA<\/a><\/blockquote><iframe sandbox=\"allow-scripts\" security=\"restricted\" src=\"https:\/\/www.fabregat-perulles-sales.com\/actualidad\/renta-2015-i-custodia-compartida\/embed\/#?secret=ciXX359efU\" width=\"600\" height=\"338\" title=\"&#8220;RENTA 2015 I CUST\u00d2DIA COMPARTIDA&#8221; &#8212; International Lawyers\" data-secret=\"ciXX359efU\" frameborder=\"0\" marginwidth=\"0\" marginheight=\"0\" scrolling=\"no\" class=\"wp-embedded-content\"><\/iframe><script type=\"text\/javascript\">\n\/*! This file is auto-generated *\/\n!function(c,d){\"use strict\";var e=!1,o=!1;if(d.querySelector)if(c.addEventListener)e=!0;if(c.wp=c.wp||{},c.wp.receiveEmbedMessage);else if(c.wp.receiveEmbedMessage=function(e){var t=e.data;if(!t);else if(!(t.secret||t.message||t.value));else if(\/[^a-zA-Z0-9]\/.test(t.secret));else{for(var r,s,a,i=d.querySelectorAll('iframe[data-secret=\"'+t.secret+'\"]'),n=d.querySelectorAll('blockquote[data-secret=\"'+t.secret+'\"]'),o=new RegExp(\"^https?:$\",\"i\"),l=0;l<n.length;l++)n[l].style.display=\"none\";for(l=0;l<i.length;l++)if(r=i[l],e.source!==r.contentWindow);else{if(r.removeAttribute(\"style\"),\"height\"===t.message){if(1e3<(s=parseInt(t.value,10)))s=1e3;else if(~~s<200)s=200;r.height=s}if(\"link\"===t.message)if(s=d.createElement(\"a\"),a=d.createElement(\"a\"),s.href=r.getAttribute(\"src\"),a.href=t.value,!o.test(a.protocol));else if(a.host===s.host)if(d.activeElement===r)c.top.location.href=t.value}}},e)c.addEventListener(\"message\",c.wp.receiveEmbedMessage,!1),d.addEventListener(\"DOMContentLoaded\",t,!1),c.addEventListener(\"load\",t,!1);function t(){if(o);else{o=!0;for(var e,t,r,s=-1!==navigator.appVersion.indexOf(\"MSIE 10\"),a=!!navigator.userAgent.match(\/Trident.*rv:11\\.\/),i=d.querySelectorAll(\"iframe.wp-embedded-content\"),n=0;n<i.length;n++){if(!(r=(t=i[n]).getAttribute(\"data-secret\")))r=Math.random().toString(36).substr(2,10),t.src+=\"#?secret=\"+r,t.setAttribute(\"data-secret\",r);if(s||a)(e=t.cloneNode(!0)).removeAttribute(\"security\"),t.parentNode.replaceChild(e,t);t.contentWindow.postMessage({message:\"ready\",secret:r},\"*\")}}}}(window,document);\n<\/script>\n","description":"Ja no \u00e9s compatible el benefici de la exempci\u00f3 del m\u00ednim per descendents de l\u2019article 58 de la LIRPF (en forma prorratejada entre els progenitors) amb el mecanisme corrector de la progressivitat en l\u2019aplicaci\u00f3 de la escala general de l\u2019impost sobre la base liquidable en quant a l\u2019import de les anualitats per aliments de l\u2019article 64 de la LIRPF","thumbnail_url":"http:\/\/www.fabregat-perulles-sales.com\/actualidad\/wp-content\/uploads\/2016\/04\/agencia-tributaria-300x220.jpg"}

Incompatibilitas amb el benefici d&#039;exempció amb la progresivitat en aplicació de l&#039;escala general

<blockquote class="wp-embedded-content" data-secret="ciXX359efU"><a href="https://www.fabregat-perulles-sales.com/actualidad/renta-2015-i-custodia-compartida/">RENTA 2015 I CUSTÒDIA COMPARTIDA</a></blockquote><iframe sandbox="allow-scripts" security="restricted" src="https://www.fabregat-perulles-sales.com/actualidad/renta-2015-i-custodia-compartida/embed/#?secret=ciXX359efU" width="600" height="338" title="&#8220;RENTA 2015 I CUSTÒDIA COMPARTIDA&#8221; &#8212; International Lawyers" data-secret="ciXX359efU" frameborder="0" marginwidth="0" marginheight="0" scrolling="no" class="wp-embedded-content"></iframe><script type="text/javascript">
/*! This file is auto-generated */
!function(c,d){"use strict";var e=!1,o=!1;if(d.querySelector)if(c.addEventListener)e=!0;if(c.wp=c.wp||{},c.wp.receiveEmbedMessage);else if(c.wp.receiveEmbedMessage=function(e){var t=e.data;if(!t);else if(!(t.secret||t.message||t.value));else if(/[^a-zA-Z0-9]/.test(t.secret));else{for(var r,s,a,i=d.querySelectorAll('iframe[data-secret="'+t.secret+'"]'),n=d.querySelectorAll('blockquote[data-secret="'+t.secret+'"]'),o=new RegExp("^https?:$","i"),l=0;l<n.length;l++)n[l].style.display="none";for(l=0;l<i.length;l++)if(r=i[l],e.source!==r.contentWindow);else{if(r.removeAttribute("style"),"height"===t.message){if(1e3<(s=parseInt(t.value,10)))s=1e3;else if(~~s<200)s=200;r.height=s}if("link"===t.message)if(s=d.createElement("a"),a=d.createElement("a"),s.href=r.getAttribute("src"),a.href=t.value,!o.test(a.protocol));else if(a.host===s.host)if(d.activeElement===r)c.top.location.href=t.value}}},e)c.addEventListener("message",c.wp.receiveEmbedMessage,!1),d.addEventListener("DOMContentLoaded",t,!1),c.addEventListener("load",t,!1);function t(){if(o);else{o=!0;for(var e,t,r,s=-1!==navigator.appVersion.indexOf("MSIE 10"),a=!!navigator.userAgent.match(/Trident.*rv:11\./),i=d.querySelectorAll("iframe.wp-embedded-content"),n=0;n<i.length;n++){if(!(r=(t=i[n]).getAttribute("data-secret")))r=Math.random().toString(36).substr(2,10),t.src+="#?secret="+r,t.setAttribute("data-secret",r);if(s||a)(e=t.cloneNode(!0)).removeAttribute("security"),t.parentNode.replaceChild(e,t);t.contentWindow.postMessage({message:"ready",secret:r},"*")}}}}(window,document);
</script>

Ja no és compatible el benefici de la exempció del mínim per descendents de l’article 58 de la LIRPF (en forma prorratejada entre els progenitors) amb el mecanisme corrector de la progressivitat en l’aplicació de la escala general de l’impost sobre la base liquidable en quant a l’import de les anualitats per aliments de l’article 64 de la LIRPF
